73611 composite?
True
Is 286662065 composite?
True
Is 6238693 a prime number?
True
Is 20339695 prime?
False
Is 77439865 composite?
True
Is 1333911 a prime number?
False
Is 361111981 composite?
False
Is 5140687 a prime number?
True
Is 11501069 prime?
True
Is 3614659 a prime number?
False
Is 5256766 prime?
False
Is 18520993 composite?
False
Is 721537 prime?
False
Is 24227569 a composite number?
False
Is 15665699 composite?
True
Is 195563 prime?
False
Is 29508257 a prime number?
False
Is 40069691 prime?
True
Is 164275637 a composite number?
True
Is 4124951 a composite number?
False
Is 156118 prime?
False
Is 535481 a prime number?
True
Is 3098279 composite?
True
Is 88103177 prime?
True
Is 1050061 a composite number?
True
Is 32821907 prime?
True
Is 7921187 a composite number?
True
Is 46588879 composite?
False
Is 74825711 composite?
True
Is 1395209 prime?
True
Is 7081499 composite?
False
Is 4490933 a composite number?
False
Is 435991 prime?
False
Is 22114267 a composite number?
True
Is 68224249 a composite number?
False
Is 991099 prime?
False
Is 5075843 prime?
False
Is 137838403 a prime number?
True
Is 376814369 a composite number?
True
Is 52172437 prime?
False
Is 67747 composite?
True
Is 645769 prime?
False
Is 20078339 a composite number?
False
Is 6063089 prime?
True
Is 7774031 a composite number?
False
Is 7279237 prime?
False
Is 302441837 prime?
True
Is 5339669 a prime number?
True
Is 41166299 a prime number?
False
Is 4980653 prime?
False
Is 2387089 prime?
False
Is 19280413 a prime number?
True
Is 905549 a composite number?
True
Is 2943323 a composite number?
False
Is 39406907 a composite number?
True
Is 2961187 a prime number?
True
Is 6627507 composite?
True
Is 19789937 a prime number?
True
Is 17264647 a prime number?
False
Is 55125881 a prime number?
False
Is 108205211 composite?
False
Is 796441 composite?
True
Is 12128933 composite?
True
Is 576313 composite?
False
Is 2275667 composite?
False
Is 203800793 prime?
False
Is 4762423 composite?
True
Is 5744101 prime?
False
Is 5456513 a prime number?
True
Is 14500201 a composite number?
True
Is 40366691 a prime number?
True
Is 136845169 a prime number?
True
Is 120271427 a composite number?
False
Is 1614947 a composite number?
False
Is 71277553 prime?
False
Is 2683361 composite?
False
Is 237733 a composite number?
False
Is 136495099 a composite number?
True
Is 54239487 a prime number?
False
Is 30981829 composite?
True
Is 6406639 a prime number?
True
Is 1207747 a composite number?
True
Is 9653339 composite?
False
Is 138247237 composite?
False
Is 15268903 prime?
False
Is 45030079 a prime number?
False
Is 35587945 composite?
True
Is 3949391 prime?
True
Is 243174535 a composite number?
True
Is 72886601 composite?
False
Is 3862699 a prime number?
True
Is 30499361 composite?
False
Is 2501129 a prime number?
False
Is 1083241 a composite number?
False
Is 45745033 a prime number?
False
Is 14057903 a composite number?
False
Is 6210559 a composite number?
True
Is 741781 a prime number?
True
Is 6951959 a prime number?
False
Is 729347 prime?
False
Is 31218469 prime?
True
Is 62859061 a composite number?
False
Is 157973389 prime?
False
Is 2149897 prime?
True
Is 263722 composite?
True
Is 405551 a composite number?
True
Is 1166306 composite?
True
Is 3325843 a prime number?
False
Is 142240153 composite?
True
Is 21848809 prime?
True
Is 33962041 prime?
False
Is 1963051 prime?
False
Is 169411 a composite number?
True
Is 24802019 a composite number?
True
Is 18981939 a prime number?
False
Is 26386757 a prime number?
False
Is 28895959 a prime number?
True
Is 7728841 a composite number?
False
Is 12009779 a composite number?
False
Is 79970317 composite?
True
Is 178039973 composite?
False
Is 285900109 prime?
False
Is 285106027 prime?
False
Is 4201933 prime?
True
Is 334386109 a prime number?
True
Is 1267009 composite?
False
Is 25947679 prime?
True
Is 13672181 a composite number?
False
Is 10262363 composite?
False
Is 77327899 composite?
True
Is 731917 composite?
True
Is 19564847 a prime number?
False
Is 1667741 a prime number?
True
Is 1396823 composite?
True
Is 27016123 a composite number?
False
Is 1626122 a prime number?
False
Is 78839617 prime?
True
Is 7631619 a prime number?
False
Is 1117115 a prime number?
False
Is 301255 a composite number?
True
Is 43974358 prime?
False
Is 22813481 a prime number?
True
Is 12546101 prime?
False
Is 283692637 composite?
False
Is 1262521 prime?
False
Is 57684977 a composite number?
True
Is 4873499 composite?
True
Is 412526 prime?
False
Is 875359879 prime?
True
Is 20590027 a composite number?
False
Is 2055563 prime?
False
Is 246660521 composite?
True
Is 354978537 composite?
True
Is 17935427 composite?
True
Is 1025147 a prime number?
True
Is 135158 a composite number?
True
Is 285034171 prime?
True
Is 43354229 a prime number?
True
Is 78186607 composite?
True
Is 13577777 a prime number?
True
Is 100565617 composite?
False
Is 3617573 a prime number?
False
Is 117336181 a prime number?
True
Is 1191187 prime?
True
Is 498994 composite?
True
Is 16200631 composite?
True
Is 45112219 prime?
False
Is 25195081 composite?
False
Is 4337051 prime?
True
Is 28585303 a prime number?
True
Is 6387415 a composite number?
True
Is 5889959 prime?
True
Is 11046389 a composite number?
True
Is 1126607 a prime number?
False
Is 120499651 a prime number?
True
Is 5124311 a prime number?
False
Is 7444529 a composite number?
False
Is 58997077 a prime number?
False
Is 42557 a prime number?
True
Is 117268049 composite?
False
Is 82168283 a composite number?
False
Is 140701 a prime number?
False
Is 1392607 composite?
False
Is 375449597 composite?
False
Is 1745389 prime?
True
Is 2412671 a composite number?
False
Is 3513065 a prime number?
False
Is 16936069 composite?
False
Is 11308151 a composite number?
True
Is 48818713 a composite number?
True
Is 406859461 composite?
True
Is 10212151 prime?
True
Is 54601797 prime?
False
Is 2252209 prime?
True
Is 6742139 a prime number?
False
Is 3739987 a prime number?
True
Is 50033063 a prime number?
True
Is 96855611 prime?
True
Is 8093759 a composite number?
True
Is 21000673 prime?
True
Is 2847079 prime?
True
Is 39917551 a composite number?
False
Is 50638099 prime?
True
Is 366157 a composite number?
True
Is 8887703 a composite number?
True
Is 62638517 a composite number?
False
Is 25089121 a composite number?
False
Is 28875887 prime?
True
Is 1137251 a prime number?
False
Is 88120219 composite?
True
Is 5310841 composite?
False
Is 35586307 prime?
False
Is 76742711 a prime number?
True
Is 87897899 a prime number?
True
Is 1912969 prime?
True
Is 479189 composite?
False
Is 33723707 prime?
False
Is 236239994 a composite number?
True
Is 8200903 a prime number?
False
Is 33129701 a prime number?
False
Is 2856947 a composite number?
True
Is 27235898 a prime number?
False
Is 22245017 prime?
True
Is 1354007 a prime number?
True
Is 49623753 a composite number?
True
Is 1073923 a composite number?
True
Is 2801891 a prime number?
True
Is 4990805 prime?
False
Is 2211329 prime?
True
Is 3666727 prime?
True
Is 123527 a prime number?
True
Is 555280423 composite?
True
Is 851135 a prime number?
False
Is 576262979 a composite number?
False
Is 81558913 prime?
True
Is 766583 prime?
True
Is 5357549 prime?
False
Is 690182447 a prime number?
True
Is 674483 composite?
False
Is 314363783 prime?
False
Is 182632889 a prime number?
False
Is 45497194 composite?
True
Is 3731989 composite?
False
Is 532711 a prime number?
False
Is 165587441 composite?
False
Is 12600589 a prime number?
True
Is 169201759 prime?
True
Is 197793641 a prime number?
False
Is 75227191 a composite number?
True
Is 224037182 prime?
False
Is 3202937 composite?
False
Is 393599257 composite?
False
Is 103255571 a prime number?
False
Is 6828887 prime?
False
Is 3008171 a prime number?
False
Is 22201001 composite?
False
Is 779927897 prime?
False
Is 67081449 prime?
False
Is 74247737 composite?
False
Is 109465547 prime?
False
Is 52176209 prime?
True
Is 4498783 a prime number?
False
Is 100173473 prime?
False
Is 21916883 prime?
False
Is 90043507 prime?
True
Is 35711993 a composite number?
True
Is 12691253 prime?
False
Is 224163035 a composite number?
True
Is 3038095 a prime number?
False
Is 2539829 a prime number?
True
Is 1866827 composite?
False
Is 4062413 composite?
False